culate the remainder when 23 is divided by 21.
2
Calculate the remainder when 2115 is divided by 300.
15
What is the remainder when 2726 is divided by 105?
101
Calculate the remainder when 23 is divided by 10.
3
What is the remainder when 69 is divided by 43?
26
Calculate the remainder when 156 is divided by 45.
21
Calculate the remainder when 167 is divided by 56.
55
What is the remainder when 81 is divided by 12?
9
What is the remainder when 117 is divided by 33?
18
What is the remainder when 1349 is divided by 359?
272
Calculate the remainder when 4143 is divided by 277.
265
Calculate the remainder when 984 is divided by 166.
154
What is the remainder when 425 is divided by 421?
4
What is the remainder when 772 is divided by 161?
128
What is the remainder when 16331 is divided by 14?
7
Calculate the remainder when 892 is divided by 24.
4
What is the remainder when 91 is divided by 7?
0
Calculate the remainder when 1679 is divided by 9.
5
Calculate the remainder when 633 is divided by 159.
156
Calculate the remainder when 353 is divided by 66.
23
What is the remainder when 1049 is divided by 58?
5
Calculate the remainder when 145 is divided by 74.
71
What is the remainder when 385 is divided by 39?
34
Calculate the remainder when 647 is divided by 81.
80
Calculate the remainder when 162 is divided by 78.
6
Calculate the remainder when 542 is divided by 24.
14
What is the remainder when 811 is divided by 107?
62
Calculate the remainder when 200 is divided by 41.
36
What is the remainder when 114 is divided by 30?
24
What is the remainder when 944 is divided by 136?
128
Calculate the remainder when 147 is divided by 38.
33
Calculate the remainder when 1655 is divided by 489.
188
Calculate the remainder when 516 is divided by 170.
6
What is the remainder when 705 is divided by 337?
31
Calculate the remainder when 312 is divided by 100.
12
What is the remainder when 475 is divided by 6?
1
What is the remainder when 104 is divided by 78?
26
Calculate the remainder when 285 is divided by 16.
13
What is the remainder when 47 is divided by 36?
11
What is the remainder when 942 is divided by 8?
6
Calculate the remainder when 359 is divided by 36.
35
Calculate the remainder when 2951 is divided by 977.
20
Calculate the remainder when 432 is divided by 31.
29
What is the remainder when 20109 is divided by 10?
9
What is the remainder when 25198 is divided by 210?
208
What is the remainder when 155 is divided by 48?
11
What is the remainder when 692 is divided by 63?
62
Calculate the remainder when 674 is divided by 52.
50
Calculate the remainder when 1307 is divided by 26.
7
Calculate the remainder when 4916 is divided by 46.
40
Calculate the remainder when 4617 is divided by 70.
67
What is the remainder when 1222 is divided by 203?
4
What is the remainder when 1224 is divided by 14?
6
What is the remainder when 2759 is divided by 105?
29
Calculate the remainder when 255 is divided by 58.
23
Calculate the remainder when 3257 is divided by 6.
5
Calculate the remainder when 227 is divided by 200.
27
Calculate the remainder when 194 is divided by 32.
2
Calculate the remainder when 1234 is divided by 35.
9
Calculate the remainder when 2068 is divided by 204.
28
What is the remainder when 148 is divided by 82?
66
Calculate the remainder when 79 is divided by 5.
4
What is the remainder when 1759 is divided by 1757?
2
Calculate the remainder when 352 is divided by 51.
46
What is the remainder when 117 is divided by 10?
7
What is the remainder when 269 is divided by 6?
5
What is the remainder when 110 is divided by 23?
18
What is the remainder when 1305 is divided by 96?
57
What is the remainder when 363 is divided by 92?
87
Calculate the remainder when 4151 is divided by 67.
64
What is the remainder when 1624 is divided by 47?
26
What is the remainder when 24 is divided by 14?
10
Calculate the remainder when 711 is divided by 51.
48
What is the remainder when 64 is divided by 25?
14
What is the remainder when 409 is divided by 41?
40
What is the remainder when 1369 is divided by 154?
137
What is the remainder when 114 is divided by 29?
27
Calculate the remainder when 60 is divided by 16.
12
What is the remainder when 45 is divided by 20?
5
Calculate the remainder when 119 is divided by 42.
35
Calculate the remainder when 237 is divided by 31.
20
Calculate the remainder when 8198 is divided by 59.
56
What is the remainder when 1803 is divided by 347?
68
What is the remainder when 21379 is divided by 108?
103
What is the remainder when 1897 is divided by 18?
7
What is the remainder when 357 is divided by 8?
5
Calculate the remainder when 866 is divided by 51.
50
What is the remainder when 655 is divided by 41?
40
What is the remainder when 366 is divided by 79?
50
Calculate the remainder when 469 is divided by 157.
155
What is the remainder when 28033 is divided by 131?
130
What is the remainder when 58 is divided by 13?
6
What is the remainder when 427 is divided by 317?
110
What is the remainder when 57 is divided by 16?
9
What is the remainder when 611 is divided by 330?
281
What is the remainder when 158 is divided by 20?
18
What is the remainder when 349 is divided by 124?
101
Calculate the remainder when 237 is divided by 10.
7
Calculate the remainder when 385 is divided by 9.
7
Calculate the remainder when 863 is divided by 11.
5
What is the remainder when 112 is divided by 47?
18
Calculate the remainder when 6028 is divided by 17.
10
Calculate the remainder when 246 is divided by 53.
34
What is the remainder when 283 is divided by 141?
1
What is the remainder when 1575 is divided by 22?
13
Calculate the remainder when 437 is divided by 72.
5
What is the remainder when 501 is divided by 12?
9
What is the remainder when 275 is divided by 158?
117
What is the remainder when 14733 is divided by 18?
9
Calculate the remainder when 3120 is divided by 6.
0
What is the remainder when 1031 is divided by 333?
32
What is the remainder when 3129 is divided by 1557?
15
Calculate the remainder when 1999 is divided by 40.
39
Calculate the remainder when 1183 is divided by 27.
22
Calculate the remainder when 65 is divided by 32.
1
What is the remainder when 14402 is divided by 147?
143
Calculate the remainder when 290 is divided by 145.
0
What is the remainder when 171 is divided by 60?
51
What is the remainder when 66 is divided by 12?
6
What is the remainder when 545 is divided by 94?
75
What is the remainder when 5347 is divided by 214?
211
Calculate the remainder when 1848 is divided by 35.
28
What is the remainder when 502 is divided by 36?
34
Calculate the remainder when 34 is divided by 24.
10
What is the remainder when 1168 is divided by 142?
32
What is the remainder when 407 is divided by 89?
51
Calculate the remainder when 886 is divided by 33.
28
Calculate the remainder when 207 is divided by 10.
7
Calculate the remainder when 50 is divided by 23.
4
Calculate the remainder when 311 is divided by 64.
55
Calculate the remainder when 599 is divided by 189.
32
Calculate the remainder when 169 is divided by 37.
21
Calculate the remainder when 717 is divided by 45.
42
Calculate the remainder when 313 is divided by 76.
9
Calculate the remainder when 98 is divided by 73.
25
Calculate the remainder when 171 is divided by 170.
1
Calculate the remainder when 3299 is divided by 25.
24
Calculate the remainder when 470 is divided by 59.
57
Calculate the remainder when 3549 is divided by 33.
18
Calculate the remainder when 4477 is divided by 80.
77
What is the remainder when 5587 is divided by 215?
212
What is the remainder when 782 is divided by 205?
167
What is the remainder when 430 is divided by 73?
65
What is the remainder when 3950 is divided by 13?
11
Calculate the remainder when 113 is divided by 104.
9
What is the remainder when 464 is divided by 48?
32
What is the remainder when 22 is divided by 11?
0
What is the remainder when 3803 is divided by 950?
3
Calculate the remainder when 9325 is divided by 212.
209
What is the remainder when 175 is divided by 23?
14
What is the remainder when 189 is divided by 30?
9
What is the remainder when 144 is divided by 3?
0
Calculate the remainder when 792 is divided by 31.
17
What is the remainder when 2980 is divided by 18